 16*b - 31. Calculate y(14).
-3
Let x(g) = -g**2 + 5*g + 7. What is x(7)?
-7
Let t(z) = -23*z - 207. Determine t(-9).
0
Let y(q) = -3*q**3. What is y(-1)?
3
Let i(q) = -q**3 - 8*q**2 + 11*q + 19. What is i(-9)?
1
Let n(w) = 250*w - 1245. What is n(5)?
5
Let g(o) = -o**3 + 7*o**2 - 7*o + 6. Give g(8).
-114
Let b(u) = -u**2 + 4*u + 31. What is b(8)?
-1
Let b(f) = -7*f**2 + 9*f - 1. Determine b(-1).
-17
Let f(q) = -2*q**2 + 23*q + 31. Determine f(12).
19
Let x(a) = 8*a - 3. Give x(5).
37
Let n(k) = k**2 + 10*k + 1. Determine n(-9).
-8
Let n(h) = h**2 - 20*h + 75. Determine n(15).
0
Let o(h) = -4*h**2 + 2*h + 2. What is o(3)?
-28
Let c(x) = 9*x + 92. Calculate c(-15).
-43
Let m(l) = l - 42. What is m(16)?
-26
Let u(x) = 9*x + 3. Calculate u(6).
57
Let u(q) = -q**3 - q**2 - 13*q - 32. Give u(-2).
-2
Let w(v) = -8*v - 69. Determine w(-8).
-5
Let r(y) = -y**2 + 5*y + 10. Determine r(9).
-26
Let k(q) = q**2 + 25*q + 92. What is k(-18)?
-34
Let a(r) = -r**2 + 22*r - 23. Determine a(22).
-23
Let p(b) = 2*b**2 - 54*b + 46. Give p(27).
46
Let r(q) = -q**3 + 9*q**2 + 16*q - 6. Determine r(11).
-72
Let r(m) = -m**3 + 4*m**2 + 2*m + 8. Give r(5).
-7
Let g(h) = 4*h + 4. Determine g(-3).
-8
Let p(x) = -x**2 + 5*x - 3. What is p(3)?
3
Let v(f) = -f**2 + 12*f + 16. Give v(15).
-29
Let m(l) = -l**2 - 26*l + 30. What is m(-27)?
3
Let b(q) = -2*q + 14. What is b(9)?
-4
Let f(o) = -o - 3. Determine f(4).
-7
Let m(o) = o**2 - 6*o + 13. Calculate m(5).
8
Let g(x) = -x - 2. Determine g(-9).
7
Let j(w) = -w**3 + 7*w**2 + 14*w - 7. Give j(9).
-43
Let l(z) = -4*z + 153. Determine l(19).
77
Let t(u) = 3*u**2 - 9*u - 3. Give t(5).
27
Let t(y) = -10*y - 2. What is t(-6)?
58
Let f(r) = r**3 + 16*r**2 - 16*r + 17. What is f(-17)?
0
Let i(y) = -10*y + 39. Determine i(5).
-11
Let z(x) = 4*x**3 - x**2 + x. What is z(1)?
4
Let x(t) = -6*t + 61. Calculate x(11).
-5
Let w(r) = 27*r - 162. Calculate w(6).
0
Let y(g) = g**3 - 34*g - 8. Give y(6).
4
Let j(p) = -p**3 - 3*p**2 + 41*p - 10. Calculate j(5).
-5
Let z(o) = -o**3 - 2*o**2 + 2*o + 27. Calculate z(0).
27
Let y(z) = z**3 + 5*z**2 + 4*z + 14. Give y(-5).
-6
Let a(k) = k**2 - 3*k - 1. Calculate a(7).
27
Let a(f) = f**2 - f - 5. Calculate a(0).
-5
Let b(r) = -2*r + 1. Calculate b(7).
-13
Let f(r) = -2*r**3 - 22*r**2 - 3*r - 40. What is f(-11)?
-7
Let t(i) = -i**3 + 14*i**2 - 9*i - 65. Calculate t(13).
-13
Let i(j) = j**3 + 2*j**2 - 5*j - 4. Give i(-3).
2
Let r(g) = -g**3 + 8*g**2 + 16*g - 117. Give r(8).
11
Let g(p) = -p**3 + 12*p**2 + 14*p - 19. Determine g(13).
-6
Let f(l) = -l**3 - 2*l**2 + 27*l - 6. Give f(-6).
-24
Let d(z) = 2*z + 25. Give d(0).
25
Let j(p) = -13*p - 1. What is j(-1)?
12
Let k(w) = w**3 + 4*w**2 + 5*w + 1. Determine k(-4).
-19
Let u(o) = -2*o**3 - 9*o**2 - 5*o - 6. Give u(-4).
-2
Let g(a) = -7*a + 5. What is g(4)?
-23
Let h(f) = 17*f - 122. Determine h(6).
-20
Let n(j) = -4*j**3 - 2*j**2 - 3*j. Give n(-2).
30
Let v(r) = 4*r + 51. Give v(-13).
-1
Let w(t) = t - 27. Calculate w(-3).
-30
Let u(m) = -m**2 + 9*m + 6. Determine u(5).
26
Let s(p) = -p**3 - 12*p**2 + 15*p + 30. What is s(-13)?
4
Let f(z) = -z**2 - 5*z + 10. What is f(-6)?
4
Let l(w) = w**3 + 6*w**2 - 8*w - 7. What is l(-7)?
0
Let f(y) = -y**3 - 4*y**2 - 4*y - 1. What is f(-3)?
2
Let s(h) = -h**3 + h**2 + h + 2. Determine s(-3).
35
Let r(l) = l**2 - 5*l + 10. Determine r(2).
4
Let g(q) = -10*q**2 + q + 2. Determine g(-1).
-9
Let q(w) = 19*w**2 - 3*w - 2. Give q(-1).
20
Let w(z) = -25*z + 19. Calculate w(7).
-156
Let t(l) = -l**2 - 6*l + 1. Calculate t(-7).
-6
Let s(u) = u**2 + 32*u - 9. What is s(0)?
-9
Let i(w) = -w**3 - 31*w**2 + 64*w - 29. Calculate i(-33).
37
Let m(l) = 66*l - 330. Calculate m(5).
0
Let z(f) = 3*f - 11. Give z(8).
13
Let x(v) = 4*v**2 + 29*v + 61. Calculate x(-2).
19
Let z(j) = -4*j + 5. What is z(-4)?
21
Let g(x) = x**3 + 7*x**2 - 3. What is g(-7)?
-3
Let c(j) = j**2 - 6*j - 19. Determine c(8).
-3
Let z(t) = 2*t - 8. What is z(-2)?
-12
Let g(y) = y**2 + 8*y - 46. Give g(-11).
-13
Let d(r) = r**3 - 31*r**2 + 56*r + 44. What is d(29)?
-14
Let o(t) = 7*t - 37. Give o(7).
12
Let t(b) = -b**3 - 2*b**2 - 2*b + 3. Calculate t(-3).
18
Let s(x) = 2*x + 5. What is s(-6)?
-7
Let l(x) = -9*x + 53. What is l(7)?
-10
Let f(u) = u**3 - 5*u**2 - 7*u - 5. Determine f(7).
44
Let a(s) = -s**2 + 18*s + 42. Calculate a(20).
2
Let r(x) = x**2 + 4*x + 5. Give r(-4).
5
Let x(g) = -g + 18. Calculate x(8).
10
Let y(t) = 3*t**3 - t**2 + t + 14. Give y(-3).
-79
Let t(p) = -p**2 + 30*p + 224. Calculate t(36).
8
Let q(b) = b**2 - 21*b - 1. Give q(22).
21
Let z(s) = s**3 + 4*s**2 + 1. Give z(-4).
1
Let w(a) = 3*a + 8. What is w(0)?
8
Let g(f) = f**2 - f - 6. Determine g(-4).
14
Let v(i) = -3*i**2 + 7*i - 5. What is v(1)?
-1
Let s(u) = 9*u - 11. Give s(-2).
-29
Let w(i) = i**2 - 7*i + 9. Determine w(8).
17
Let c(i) = -5*i**3 - 4*i + 6. Give c(1).
-3
Let d(o) = o**3 + 20*o**2 - 2*o - 19. What is d(-20)?
21
Let l(x) = -2*x**2 + 5*x + 1. What is l(-6)?
-101
Let z(m) = m**2 + 30*m + 34. Determine z(-29).
5
Let i(r) = r**3 + 17*r**2 + 16*r - 3. Give i(-16).
-3
Let h(d) = d**2 + 13*d + 28. Calculate h(-6).
-14
Let f(v) = 10*v + 7. What is f(-5)?
-43
Let g(x) = -x**2 + 32*x - 26. Determine g(31).
5
Let g(c) = c**3 - 10*c + 10. Give g(5).
85
Let d(o) = 4*o - 10. What is d(8)?
22
Let d(m) = 2*m + 82. What is d(0)?
82
Let a(j) = -j**3 - 8*j**2 - 9*j - 6. Calculate a(-7).
8
Let r(v) = -17*v**2 + 4*v + 1. Calculate r(-2).
-75
Let u(w) = -w**3 + 19*w**2 - 18*w + 6. Determine u(18).
6
Let z(l) = l**2 + 4*l - 9. Give z(3).
12
Let x(k) = 7*k - 17. Calculate x(9).
46
Let g(f) = -f**2 - 17*f - 32. What is g(-16)?
-16
Let w(f) = -22*f + 2. Determine w(1).
-20
Let q(x) = -9*x**3 + x - 1. What is q(1)?
-9
Let u(z) = z**3 - 4*z**2 - 2*z + 1. What is u(5)?
16
Let k(l) = -6*l - 19. Give k(-4).
5
Let z(w) = w**2 + 2*w - 2. Give z(-1).
-3
Let p(a) = 41*a. Determine p(1).
41
Let q(n) = 2*n**2 - 7*n - 17. Calculate q(5).
-2
Let b(g) = 2*g**3 - 4*g**2 + 3*g + 21. Calculate b(-3).
-78
Let v(z) = -5*z - 10. Determine v(-6).
20
Let q(c) = -c**3 + 22*c**2 - 23*c + 27. Give q(21).
-15
Let g(p) = -4*p**2 + 143*p + 32. Determine g(36).
-4
Let q(c) = -15*c**3 + c**2 + 2*c + 2. What is q(-1)?
16
Let f(p) = 7*p - 9. What is f(1)?
-2
Let c(g) = -2*g - 12. Give c(-14).
16
Let o(v) = v**3 - 7*v**2 - 20*v + 13. Give o(9).
-5
Let l(w) = 3*w**2. Give l(-2).
12
Let t(y) = 2*y**3 - 6*y**2 + 3*y + 1. Give t(4).
45
Let d(x) = -x**2 - 7*x - 12. Calculate d(-7).
-12
Let c(i) = -5*i - 5. Determine c(-1).
0
Let z(w) = 2*w + 20. Calculate z(-9).
2
Let h(p) = 2*p**2 + 20*p + 23. Give h(-10).
23
Let m(t) = 2*t**2 + 9*t + 11. Calculate m(-6).
29
Let z(p) = -p**3 + 9*p**2 + 6*p + 34. What is z(10)?
-6
Let c(y) = -10*y - 8. Calculate c(4).
-48
Let p(y) = -y**3 - 5*y**2 - 4*y + 3. Determine p(-4).
3
Let j(z) = -z + 13. Calculate j(11).
2
Let k(q) = 2*q**2 + 74*q + 9. Give k(-37).
9
Let c(u) = u**2 - 7*u - 6. Give c(6).
-12
Let u(t) = 6*t**3 + t**2 + t + 1. Calculate u(-1).
-5
Let l(y) = -13*y - 6. Calculate l(-2).
20
Let h(n) = -4*n**2 + 27*n - 54. Determine h(10).
-184
Let q(c) = 37*c**2 + c. Calculate q(1).
38
Let h(w) = w**2 + 18*w + 35. Determine h(-5).
-30
Let t(y) = 2*y**2 - 12*y + 15. Calculate t(5).
5
Let y(v) = -v**3 - 6*v**2 + 8*v - 7. What is y(-6)?
-55
Let w(r) = 9*r - 41. What is w(4)?
-5
Let h(n) = -n**3 + 5*n**2 - 3*n + 2. Determine h(3).
11
Let w(a) = 3*a**2 - 29*a + 12. What is w(12)?
96
Let n(v) = -v**3 + 12*v**2 - 9*v - 18. Determine n(11).
4
Let w(d) = d**2 - 24*d + 144. Calculate w(10).
4
Let y(s) = -s**3 + 17*s**2 - 20*s + 32. What is y(16)?
-32
Let s(j) = -15*j + 13. Calculate s(1).
-2
Let i(t) = -5*t**2 - 5*t + 6. What is i(2)?
-24
Let y(a) = a**2 + 13*a - 12. Determine y(-13).
-12
Let g(m) = m - 8. Calculate g(0).
-8
Let o(g) = -g**3 - 10*g**2 - 11*g + 25. Calculate o(-8).
-15
Let r(k) = -k**3 + 6*k**2 - 5*k - 5. Determine r(5).
-5
Let k(y) = y**2 - 11*y - 17. Determine k(13).
9
Let h(z) = 3*z - 9. What is h(-6)?
-27
Let i(d) = 2*d**2 + 15*d + 36. Determine i(-4).
8
Let i(v) = v**2 + 14*v - 3. Calculate i(-12).
-27
Let n(f) = 8*f - 32. Determine n(18).
112
Let n(d) = d**3 - 3*d**2 - 4*d + 8. Determine n(1).
2
Let n(c) = -c**2 - 33. Calculate n(0).
-33
Let z(s) = -s**3 + 6*s**2 - s - 14. Give